2?
11
Suppose -4*h = -3*u + 23 + 160, -4*h + 102 = 2*u. Let f(w) = w**3 - 6*w**2 + 2*w + 7. Let v be f(6). What is the greatest common factor of v and u?
19
Suppose 0*q - 2*q = -3*m + 990, -m - 3*q + 330 = 0. What is the highest common divisor of 30 and m?
30
Let o(a) = 5*a**2 + 9*a + 8. Let y be o(-6). Suppose -2*s - 46 = -y. What is the greatest common factor of 4 and s?
4
Let p = 2 - -1. Suppose -p*j + 28 = -j. Calculate the highest common divisor of j and 56.
14
Let l(v) = -v**2 + 11*v - 22. Let o be l(4). Calculate the highest common factor of 6 and o.
6
Let w be 1 - (-3)/((-3)/(-19)). Let i(n) be the second derivative of 7*n**4/12 + n**2/2 + n. Let c be i(1). What is the greatest common factor of c and w?
4
Suppose -5*d + 1 = 2*q + 11, 4*d + 1 = -3*q. Let z be d + 1 - (1 - 6). Suppose 0 = -z*b - 6 + 48. What is the greatest common factor of 7 and b?
7
Let u(j) = -j + 9. Let r be u(13). Let q be (-19 - r)*4/(-10). What is the highest common divisor of 15 and q?
3
Let z = -69 + 45. Let d be (-4)/z - 142/(-12). What is the highest common factor of d and 36?
12
Suppose -5 = 5*p, 4*n - 2 - 2 = -4*p. Suppose -3*t = -n - 4. Let c be (-6)/10 + ((-113)/5)/(-1). What is the highest common factor of t and c?
2
Suppose 2*p = -7 + 39. Let q = -128 - -256. Calculate the highest common divisor of p and q.
16
Suppose 2*t + 26 = 182. Suppose 4*k - k - t = 0. What is the greatest common divisor of 65 and k?
13
Suppose -2*k - 153 = 527. Let g be (k/(-4) - -1) + -1. Let l(m) = m**2 + 3*m - 1. Let y be l(-6). What is the greatest common factor of g and y?
17
Suppose -5*q + x + 53 = 0, 4*x + 0*x = -q - 2. Calculate the greatest common divisor of 90 and q.
10
Let r(h) = 3*h**2 + h. Let g be (-4 + 6)*(1 + -2). Let p be r(g). What is the greatest common factor of p and 2?
2
Let s = 83 - 235. Let q = s - -262. What is the greatest common divisor of 22 and q?
22
Let p be 6/(-6)*(-5 + 3). Let y be -2 + 0 + 3 + -1. Let v be 9 - (1 + (y - 0)). What is the greatest common factor of p and v?
2
Let x(q) = q**2 - 3*q + 3. Let o be x(2). Let z(b) = b**2 + b. Let i be z(o). What is the greatest common factor of 10 and i?
2
Let l = 224 - 20. Suppose -k + l = 2*k. Let v = k + -23. Calculate the greatest common factor of v and 18.
9
Suppose l = -4*z - 4 - 2, 66 = 4*l - 2*z. Calculate the greatest common divisor of l and 14.
14
Suppose 4*m = 12, -5*f + 3*m + 18 + 13 = 0. Calculate the highest common factor of f and 16.
8
Suppose 5*f + 3*y = -24, 5*f - 2*y = 1 - 10. Let t be 3/(1/(f/3)). Let c = t - -4. Calculate the highest common divisor of c and 7.
1
Suppose 0 = -5*z - k - 25, 3*z + 5 = -3*k - 22. Suppose 0*f - 88 = -4*f. Let n = z + f. Calculate the highest common divisor of n and 72.
18
Suppose 0 = -3*h - 2*h + 405. Suppose -4*u = -2*u - 18. What is the highest common divisor of h and u?
9
Suppose 0 = -0*a + 2*a, -5*i + a + 90 = 0. What is the highest common divisor of 54 and i?
18
Suppose 4*l = f - 22, -f - 3*f = l - 71. Calculate the greatest common divisor of 162 and f.
18
Let x = 36 + -4. What is the greatest common divisor of 16 and x?
16
Let o(q) = -q + 49. Let b(n) = n**3 - n**2. Let y be b(1). Let s be o(y). What is the greatest common factor of 7 and s?
7
Let u be (-185)/35 + 5 - (-200)/14. What is the highest common factor of 14 and u?
14
Let b(y) = 5*y + 2. Let l be b(-1). Let s = l - -5. What is the greatest common divisor of 2 and s?
2
Let l = -101 + 164. What is the highest common factor of 7 and l?
7
Let t be (-8)/(-4)*3/2. Let r = -3 - -4. Calculate the greatest common divisor of t and r.
1
Let z be 56*(-1)/(-3 - -1). Let w be ((-11)/(-2))/(2/z). Calculate the highest common divisor of 11 and w.
11
Suppose -4*j = 4*l + 4, 2*l = -j + 2 - 6. Let x be 29 + (1 - (l + 3)). What is the greatest common divisor of x and 6?
6
Suppose 0 = 3*i + 3*i - 72. Calculate the greatest common factor of 96 and i.
12
Let i(j) = j**3 - 14*j**2 - 5*j - 1. Let p(x) = -x**2 - x. Let g(k) = -i(k) + 5*p(k). Let q be g(9). Calculate the highest common divisor of 8 and q.
1
Let m(o) = 12*o - 53. Let j be m(12). Calculate the highest common divisor of 7 and j.
7
Suppose -2 = -4*c + 2. Suppose o + c = 9. What is the greatest common factor of 4 and o?
4
Let o be (-36)/2*6/(-12). Let s(z) = z**2 - 5*z. Let m be s(o). What is the greatest common factor of 24 and m?
12
Suppose 21 = 4*n + 4*u - 71, 4*n - u - 92 = 0. What is the highest common divisor of 92 and n?
23
Suppose -6 = -5*f + 19. Let j = -17 - -10. Let z(n) = n**3 + 8*n**2 + n - 2. Let d be z(j). What is the greatest common factor of d and f?
5
Let a = 40 + -2. Calculate the greatest common divisor of a and 418.
38
Let s be (-7)/(-1)*8 - -2. Suppose 4*f + 2 - s = 0. What is the greatest common factor of f and 21?
7
Let o(l) = l**3 - 22*l**2 + 22*l - 13. Let u be o(21). What is the greatest common divisor of u and 12?
4
Let j be (-1)/3 + (-32)/(-6). Suppose 2 = -5*o + 177. Calculate the greatest common divisor of j and o.
5
Suppose -3*y + 44 = -4*q, 0 = -4*y + 3*q - 5*q + 44. Suppose 4*z - 34 = -b, -b + 3 - 1 = 0. What is the greatest common factor of y and z?
4
Suppose 0 = 3*a + 5*i - 207, 2*i - 67 = -a + i. Suppose 0 = -3*b - b + a. Let p be (-578)/(-8) + (-4)/b. What is the greatest common factor of 9 and p?
9
Let w be (-7)/(3/(-1 + 4)). Let n = w + 16. What is the greatest common divisor of 3 and n?
3
Let h be 2/7 + (-12)/(-7). Let g be 4/6 + h/(-3). Suppose -5*v + v + 20 = g. Calculate the greatest common divisor of 35 and v.
5
Let r(n) = -2*n**3 - 4*n**2 + 2*n + 3. Let b be r(-3). Calculate the highest common divisor of b and 30.
15
Let t = 24 + -17. Let m(y) = t + 1 + 9 - y - 6. Let c be m(-11). Calculate the highest common factor of 2 and c.
2
Let g = 10 + 0. Suppose 2*l - 3*j - 8 = -5*j, 4 = l - 5*j. Suppose c = l*c - 12. Calculate the highest common divisor of c and g.
2
Let v be 1 - 4 - -3 - -36. Calculate the greatest common divisor of v and 24.
12
Let f(j) = -3*j - 8. Let z be f(-5). Calculate the greatest common factor of z and 1.
1
Suppose 0 = -2*g - 4, g - 16 = -5*h + 2*h. Let y be (-4)/(-8)*(1 - -1). Let v be 4/((-8)/(-6)) - y. Calculate the highest common factor of h and v.
2
Let f = -305 + 501. Calculate the highest common factor of f and 49.
49
Suppose 4*q - 1 - 43 = 0. Suppose 0 = 6*v - 2*v - 4. Suppose -n - v = -4*x - 0*n, 5*x - 11 = -2*n. Calculate the highest common factor of x and q.
1
Suppose -2*p - 4 = -30. What is the highest common divisor of 13 and p?
13
Suppose 0 = -6*s + 3*s, 0 = 4*n + 3*s - 88. Calculate the greatest common divisor of 121 and n.
11
Let b(j) = -6*j**2 - 3*j. Let x be b(-2). Let l = x + 30. What is the highest common divisor of 3 and l?
3
Suppose 4*v + 5*j = 54, -3 = 3*v + 3*j - 45. Calculate the highest common divisor of v and 80.
16
Suppose -3*i + 36 = 2*g, 3*g - 2*i - 2*i = 37. Let k(h) = 33*h. Suppose -4*d + 0*d = -20. Let f be k(d). Calculate the greatest common factor of g and f.
15
Let r = 8 + -3. Suppose 4*y + y = r*c - 25, 5*c - 23 = 3*y. Calculate the highest common divisor of c and 4.
4
Suppose 5*g + 6 = 31. Let b(a) = -a**3 + 9*a**2 - 8. Let n be b(9). Let x = g - n. What is the greatest common factor of x and 91?
13
Let b(a) = -a**3 + 12*a**2 + 5*a - 14. Let x be b(11). What is the highest common divisor of 18 and x?
18
Let f be ((-3)/2)/(9/(-108)). Calculate the greatest common factor of f and 9.
9
Suppose -n + 607 = 2*x, -15 = 4*n - n. Calculate the highest common divisor of x and 34.
34
Let k be 87/2 + (-7)/14. Let l = k - 18. Calculate the highest common divisor of 5 and l.
5
Suppose -5*u - 4*z + 2*z + 269 = 0, -z - 3 = 0. Calculate the highest common divisor of u and 22.
11
Let q(j) = -5 + 4 - j + 3 + 9. Let u be q(5). What is the greatest common divisor of 6 and u?
6
Suppose 3*d - 137 - 25 = 0. Let u = -33 + d. Let z be (-231)/2*(-6)/3. Calculate the greatest common divisor of u and z.
21
Suppose 3*f + u = 722, u = -f - 0*f + 242. What is the greatest common factor of 48 and f?
48
Suppose 5*x - 363 = -8. Let q = 39 - 38. Let u = q + x. Calculate the greatest common factor of 9 and u.
9
Let y be (-2)/8 + (-951)/(-12). Suppose n + y = -b + 3*b, 78 = 2*b - 2*n. Suppose 10 - 2 = 2*r. What is the highest common divisor of b and r?
4
Suppose 11 = 4*a - 3*x, -a + 5*x + 